{"id":24,"date":"2021-04-06T20:39:41","date_gmt":"2021-04-06T20:39:41","guid":{"rendered":"https:\/\/hierbasdemexico.com.mx\/blog\/?page_id=24"},"modified":"2023-03-11T00:19:25","modified_gmt":"2023-03-11T00:19:25","slug":"inicio","status":"publish","type":"page","link":"https:\/\/hierbasdemexico.com.mx\/blog\/","title":{"rendered":""},"content":{"rendered":"\n\n\n\n\n<p>Categorias<\/p>\n\n\n\n\n\n<p style=\"text-align: center;\"><span style=\"color: rgb(255, 255, 255);\"><strong>Conoce especias que son beneficiosas para tu salud y que no pueden faltar en tu despensa por sus propiedades.<\/strong><\/span><\/p><span style=\"color: rgb(255, 255, 255);\"><strong><br><\/strong><\/span>\n\n\n\n\n<p><span style=\"color: rgb(255, 255, 255);\"><strong>Conoce todas las propiedades y beneficios que las hierbas tienen para ofrecer.<\/strong><\/span><\/p>\n\n\n\n\n<p style=\"text-align: center; \"><span style=\"font-size: 14px; color: rgb(255, 255, 255);\"><strong>\u00bfConoces nuestra l\u00ednea de Infusiones para la salud?&nbsp;An\u00edmate a conocerlas y disfruta de sus beneficios.<\/strong><\/span><\/p><span style=\"font-family: &quot;Arial Black&quot;, Gadget, sans-serif;\"><span style=\"background-color: transparent; font-size: 12px; color: rgb(255, 255, 255);\"><strong><span style=\"font-size: 12px;\"><\/span><\/strong><\/span><\/span>\n\n\n\n\n\n\n\n<p><\/p>\n<ul class=\"wp-block-latest-posts__list is-grid columns-3 wp-block-latest-posts\"><li><div class=\"wp-block-latest-posts__featured-image aligncenter\"><a href=\"https:\/\/hierbasdemexico.com.mx\/blog\/?p=14\"><img decoding=\"async\" width=\"150\" height=\"150\" src=\"https:\/\/hierbasdemexico.com.mx\/blog\/wp-content\/uploads\/2021\/04\/196-image_web-150x150.jpg\" class=\"attachment-thumbnail size-thumbnail wp-post-image\" alt=\"Manzanilla\" loading=\"lazy\" style=\"\"><\/a><\/div><a href=\"https:\/\/hierbasdemexico.com.mx\/blog\/?p=14\">Manzanilla<\/a><div class=\"wp-block-latest-posts__post-excerpt\">Mi mam\u00e1 siempre me dec\u00eda que todo en esta vida pasa por algo y que no hay mal que por bien&#8230;<\/div><\/li>\n<li><div class=\"wp-block-latest-posts__featured-image aligncenter\"><a href=\"https:\/\/hierbasdemexico.com.mx\/blog\/?p=38\"><img decoding=\"async\" width=\"150\" height=\"150\" src=\"https:\/\/hierbasdemexico.com.mx\/blog\/wp-content\/uploads\/2021\/04\/fresa-150x150.png\" class=\"attachment-thumbnail size-thumbnail wp-post-image\" alt=\"\" loading=\"lazy\" style=\"\"><\/a><\/div><a href=\"https:\/\/hierbasdemexico.com.mx\/blog\/?p=38\">La fuente de la juventud<\/a><div class=\"wp-block-latest-posts__post-excerpt\">Todos hemos escuchado frases como, \u201cdivina juventud\u201d o&nbsp; \u201cquien tuviera tu edad\u201d. Pero, \u00bfSer\u00e1 que en realidad cambiar\u00edamos algo de nuestro&#8230;<\/div><\/li>\n<li><div class=\"wp-block-latest-posts__featured-image aligncenter\"><a href=\"https:\/\/hierbasdemexico.com.mx\/blog\/?p=41\"><img decoding=\"async\" width=\"150\" height=\"150\" src=\"https:\/\/hierbasdemexico.com.mx\/blog\/wp-content\/uploads\/2021\/04\/beneficios-del-te-de-rosas_0-150x150.jpg\" class=\"attachment-thumbnail size-thumbnail wp-post-image\" alt=\"t\u00e9 de rosas y sus beneficios\" loading=\"lazy\" style=\"\"><\/a><\/div><a href=\"https:\/\/hierbasdemexico.com.mx\/blog\/?p=41\">T\u00e9 de rosas para eliminar lo malo<\/a><div class=\"wp-block-latest-posts__post-excerpt\">En la vida todo el mundo presume de saber que es lo bueno y&nbsp; que es lo malo, todos somos buenos&#8230;<\/div><\/li>\n<li><div class=\"wp-block-latest-posts__featured-image aligncenter\"><a href=\"https:\/\/hierbasdemexico.com.mx\/blog\/?p=45\"><img decoding=\"async\" width=\"150\" height=\"150\" src=\"https:\/\/hierbasdemexico.com.mx\/blog\/wp-content\/uploads\/2021\/04\/oolong-150x150.jpg\" class=\"attachment-thumbnail size-thumbnail wp-post-image\" alt=\"\" loading=\"lazy\" style=\"\"><\/a><\/div><a href=\"https:\/\/hierbasdemexico.com.mx\/blog\/?p=45\">El te Oolong y la vida eterna<\/a><div class=\"wp-block-latest-posts__post-excerpt\">Dicen que no existe ser m\u00e1s contradictorio que el ser humano, pues este siempre busca lo que no tiene o lo&#8230;<\/div><\/li>\n<li><div class=\"wp-block-latest-posts__featured-image aligncenter\"><a href=\"https:\/\/hierbasdemexico.com.mx\/blog\/?p=54\"><img decoding=\"async\" width=\"150\" height=\"150\" src=\"https:\/\/hierbasdemexico.com.mx\/blog\/wp-content\/uploads\/2021\/04\/melena-de-leo\u0301n-150x150.jpg\" class=\"attachment-thumbnail size-thumbnail wp-post-image\" alt=\"\" loading=\"lazy\" style=\"\"><\/a><\/div><a href=\"https:\/\/hierbasdemexico.com.mx\/blog\/?p=54\">Melena de le\u00f3n<\/a><div class=\"wp-block-latest-posts__post-excerpt\">Melena de le\u00f3n es un hongo que se ha usado como antibi\u00f3tico a nivel g\u00e1strico ancestralmente en Asia, pero las \u00faltimas investigaciones le atribuyen, por todo lo dicho anteriormente, un papel importante en enfermedades neuronales como la p\u00e9rdida de memoria, p\u00e9rdida de lucidez o directamente ante el Alzheimer o la Aterosclerosis.<\/div><\/li>\n<\/ul>\n\n\n","protected":false},"excerpt":{"rendered":"","protected":false},"author":1,"featured_media":0,"parent":0,"menu_order":0,"comment_status":"closed","ping_status":"closed","template":"","meta":{"pagelayer_contact_templates":[],"_pagelayer_content":"","footnotes":""},"class_list":["post-24","page","type-page","status-publish","hentry"],"yoast_head":"<!-- This site is optimized with the Yoast SEO plugin v27.4 - https:\/\/yoast.com\/product\/yoast-seo-wordpress\/ -->\n<title>- La herbolaria en tu vida<\/title>\n<meta name=\"robots\" content=\"index, follow, max-snippet:-1, max-image-preview:large, max-video-preview:-1\" \/>\n<link rel=\"canonical\" href=\"https:\/\/hierbasdemexico.com.mx\/blog\/\" \/>\n<meta property=\"og:locale\" content=\"es_ES\" \/>\n<meta property=\"og:type\" content=\"article\" \/>\n<meta property=\"og:title\" content=\"- La herbolaria en tu vida\" \/>\n<meta property=\"og:url\" content=\"https:\/\/hierbasdemexico.com.mx\/blog\/\" \/>\n<meta property=\"og:site_name\" content=\"La herbolaria en tu vida\" \/>\n<meta property=\"article:modified_time\" content=\"2023-03-11T00:19:25+00:00\" \/>\n<meta property=\"og:image\" content=\"https:\/\/hierbasdemexico.com.mx\/blog\/wp-content\/uploads\/2021\/04\/196-image_web-150x150.jpg\" \/>\n<meta name=\"twitter:card\" content=\"summary_large_image\" \/>\n<meta name=\"twitter:label1\" content=\"Tiempo de lectura\" \/>\n\t<meta name=\"twitter:data1\" content=\"2 minutos\" \/>\n<script type=\"application\/ld+json\" class=\"yoast-schema-graph\">{\"@context\":\"https:\\\/\\\/schema.org\",\"@graph\":[{\"@type\":\"WebPage\",\"@id\":\"https:\\\/\\\/hierbasdemexico.com.mx\\\/blog\\\/\",\"url\":\"https:\\\/\\\/hierbasdemexico.com.mx\\\/blog\\\/\",\"name\":\"- La herbolaria en tu vida\",\"isPartOf\":{\"@id\":\"https:\\\/\\\/hierbasdemexico.com.mx\\\/blog\\\/#website\"},\"primaryImageOfPage\":{\"@id\":\"https:\\\/\\\/hierbasdemexico.com.mx\\\/blog\\\/#primaryimage\"},\"image\":{\"@id\":\"https:\\\/\\\/hierbasdemexico.com.mx\\\/blog\\\/#primaryimage\"},\"thumbnailUrl\":\"https:\\\/\\\/hierbasdemexico.com.mx\\\/blog\\\/wp-content\\\/uploads\\\/2021\\\/04\\\/196-image_web-150x150.jpg\",\"datePublished\":\"2021-04-06T20:39:41+00:00\",\"dateModified\":\"2023-03-11T00:19:25+00:00\",\"inLanguage\":\"es\",\"potentialAction\":[{\"@type\":\"ReadAction\",\"target\":[\"https:\\\/\\\/hierbasdemexico.com.mx\\\/blog\\\/\"]}]},{\"@type\":\"ImageObject\",\"inLanguage\":\"es\",\"@id\":\"https:\\\/\\\/hierbasdemexico.com.mx\\\/blog\\\/#primaryimage\",\"url\":\"https:\\\/\\\/hierbasdemexico.com.mx\\\/blog\\\/wp-content\\\/uploads\\\/2021\\\/04\\\/196-image_web.jpg\",\"contentUrl\":\"https:\\\/\\\/hierbasdemexico.com.mx\\\/blog\\\/wp-content\\\/uploads\\\/2021\\\/04\\\/196-image_web.jpg\",\"width\":600,\"height\":401,\"caption\":\"Manzanilla\"},{\"@type\":\"WebSite\",\"@id\":\"https:\\\/\\\/hierbasdemexico.com.mx\\\/blog\\\/#website\",\"url\":\"https:\\\/\\\/hierbasdemexico.com.mx\\\/blog\\\/\",\"name\":\"La herbolaria en tu vida\",\"description\":\"Hierbas de M&eacute;xico\",\"publisher\":{\"@id\":\"https:\\\/\\\/hierbasdemexico.com.mx\\\/blog\\\/#organization\"},\"potentialAction\":[{\"@type\":\"SearchAction\",\"target\":{\"@type\":\"EntryPoint\",\"urlTemplate\":\"https:\\\/\\\/hierbasdemexico.com.mx\\\/blog\\\/?s={search_term_string}\"},\"query-input\":{\"@type\":\"PropertyValueSpecification\",\"valueRequired\":true,\"valueName\":\"search_term_string\"}}],\"inLanguage\":\"es\"},{\"@type\":\"Organization\",\"@id\":\"https:\\\/\\\/hierbasdemexico.com.mx\\\/blog\\\/#organization\",\"name\":\"La herbolaria en tu vida\",\"url\":\"https:\\\/\\\/hierbasdemexico.com.mx\\\/blog\\\/\",\"logo\":{\"@type\":\"ImageObject\",\"inLanguage\":\"es\",\"@id\":\"https:\\\/\\\/hierbasdemexico.com.mx\\\/blog\\\/#\\\/schema\\\/logo\\\/image\\\/\",\"url\":\"https:\\\/\\\/hierbasdemexico.com.mx\\\/blog\\\/wp-content\\\/uploads\\\/2021\\\/04\\\/cropped-hierbas_small-03.png\",\"contentUrl\":\"https:\\\/\\\/hierbasdemexico.com.mx\\\/blog\\\/wp-content\\\/uploads\\\/2021\\\/04\\\/cropped-hierbas_small-03.png\",\"width\":187,\"height\":210,\"caption\":\"La herbolaria en tu vida\"},\"image\":{\"@id\":\"https:\\\/\\\/hierbasdemexico.com.mx\\\/blog\\\/#\\\/schema\\\/logo\\\/image\\\/\"}}]}<\/script>\n<!-- \/ Yoast SEO plugin. -->","yoast_head_json":{"title":"- La herbolaria en tu vida","robots":{"index":"index","follow":"follow","max-snippet":"max-snippet:-1","max-image-preview":"max-image-preview:large","max-video-preview":"max-video-preview:-1"},"canonical":"https:\/\/hierbasdemexico.com.mx\/blog\/","og_locale":"es_ES","og_type":"article","og_title":"- La herbolaria en tu vida","og_url":"https:\/\/hierbasdemexico.com.mx\/blog\/","og_site_name":"La herbolaria en tu vida","article_modified_time":"2023-03-11T00:19:25+00:00","og_image":[{"url":"https:\/\/hierbasdemexico.com.mx\/blog\/wp-content\/uploads\/2021\/04\/196-image_web-150x150.jpg","type":"","width":"","height":""}],"twitter_card":"summary_large_image","twitter_misc":{"Tiempo de lectura":"2 minutos"},"schema":{"@context":"https:\/\/schema.org","@graph":[{"@type":"WebPage","@id":"https:\/\/hierbasdemexico.com.mx\/blog\/","url":"https:\/\/hierbasdemexico.com.mx\/blog\/","name":"- La herbolaria en tu vida","isPartOf":{"@id":"https:\/\/hierbasdemexico.com.mx\/blog\/#website"},"primaryImageOfPage":{"@id":"https:\/\/hierbasdemexico.com.mx\/blog\/#primaryimage"},"image":{"@id":"https:\/\/hierbasdemexico.com.mx\/blog\/#primaryimage"},"thumbnailUrl":"https:\/\/hierbasdemexico.com.mx\/blog\/wp-content\/uploads\/2021\/04\/196-image_web-150x150.jpg","datePublished":"2021-04-06T20:39:41+00:00","dateModified":"2023-03-11T00:19:25+00:00","inLanguage":"es","potentialAction":[{"@type":"ReadAction","target":["https:\/\/hierbasdemexico.com.mx\/blog\/"]}]},{"@type":"ImageObject","inLanguage":"es","@id":"https:\/\/hierbasdemexico.com.mx\/blog\/#primaryimage","url":"https:\/\/hierbasdemexico.com.mx\/blog\/wp-content\/uploads\/2021\/04\/196-image_web.jpg","contentUrl":"https:\/\/hierbasdemexico.com.mx\/blog\/wp-content\/uploads\/2021\/04\/196-image_web.jpg","width":600,"height":401,"caption":"Manzanilla"},{"@type":"WebSite","@id":"https:\/\/hierbasdemexico.com.mx\/blog\/#website","url":"https:\/\/hierbasdemexico.com.mx\/blog\/","name":"La herbolaria en tu vida","description":"Hierbas de M&eacute;xico","publisher":{"@id":"https:\/\/hierbasdemexico.com.mx\/blog\/#organization"},"potentialAction":[{"@type":"SearchAction","target":{"@type":"EntryPoint","urlTemplate":"https:\/\/hierbasdemexico.com.mx\/blog\/?s={search_term_string}"},"query-input":{"@type":"PropertyValueSpecification","valueRequired":true,"valueName":"search_term_string"}}],"inLanguage":"es"},{"@type":"Organization","@id":"https:\/\/hierbasdemexico.com.mx\/blog\/#organization","name":"La herbolaria en tu vida","url":"https:\/\/hierbasdemexico.com.mx\/blog\/","logo":{"@type":"ImageObject","inLanguage":"es","@id":"https:\/\/hierbasdemexico.com.mx\/blog\/#\/schema\/logo\/image\/","url":"https:\/\/hierbasdemexico.com.mx\/blog\/wp-content\/uploads\/2021\/04\/cropped-hierbas_small-03.png","contentUrl":"https:\/\/hierbasdemexico.com.mx\/blog\/wp-content\/uploads\/2021\/04\/cropped-hierbas_small-03.png","width":187,"height":210,"caption":"La herbolaria en tu vida"},"image":{"@id":"https:\/\/hierbasdemexico.com.mx\/blog\/#\/schema\/logo\/image\/"}}]}},"jetpack_sharing_enabled":true,"_links":{"self":[{"href":"https:\/\/hierbasdemexico.com.mx\/blog\/index.php?rest_route=\/wp\/v2\/pages\/24","targetHints":{"allow":["GET"]}}],"collection":[{"href":"https:\/\/hierbasdemexico.com.mx\/blog\/index.php?rest_route=\/wp\/v2\/pages"}],"about":[{"href":"https:\/\/hierbasdemexico.com.mx\/blog\/index.php?rest_route=\/wp\/v2\/types\/page"}],"author":[{"embeddable":true,"href":"https:\/\/hierbasdemexico.com.mx\/blog\/index.php?rest_route=\/wp\/v2\/users\/1"}],"replies":[{"embeddable":true,"href":"https:\/\/hierbasdemexico.com.mx\/blog\/index.php?rest_route=%2Fwp%2Fv2%2Fcomments&post=24"}],"version-history":[{"count":22,"href":"https:\/\/hierbasdemexico.com.mx\/blog\/index.php?rest_route=\/wp\/v2\/pages\/24\/revisions"}],"predecessor-version":[{"id":1330,"href":"https:\/\/hierbasdemexico.com.mx\/blog\/index.php?rest_route=\/wp\/v2\/pages\/24\/revisions\/1330"}],"wp:attachment":[{"href":"https:\/\/hierbasdemexico.com.mx\/blog\/index.php?rest_route=%2Fwp%2Fv2%2Fmedia&parent=24"}],"curies":[{"name":"wp","href":"https:\/\/api.w.org\/{rel}","templated":true}]}}