{"id":120,"date":"2020-07-21T19:40:48","date_gmt":"2020-07-21T19:40:48","guid":{"rendered":"https:\/\/hierbasdemexico.com.mx\/?post_type=product&#038;p=120"},"modified":"2022-07-28T19:51:52","modified_gmt":"2022-07-28T19:51:52","slug":"azhar","status":"publish","type":"product","link":"https:\/\/hierbasdemexico.com.mx\/tienda\/producto\/azhar\/","title":{"rendered":"Flor de azahar \u2022 \ud835\ude0a\ud835\ude2a\ud835\ude35\ud835\ude33\ud835\ude36\ud835\ude34 \ud835\ude34\ud835\ude2a\ud835\ude2f\ud835\ude26\ud835\ude2f\ud835\ude34\ud835\ude2a\ud835\ude34"},"content":{"rendered":"","protected":false},"excerpt":{"rendered":"<p>Astringente, antis\u00e9ptica, hidratante y antioxidante. Estimula la producci\u00f3n de col\u00e1geno y la regeneraci\u00f3n celular.<\/p>\n<p>Modo de preparaci\u00f3n:<\/p>\n<p><img loading=\"lazy\" decoding=\"async\" class=\"alignnone size-medium wp-image-234\" src=\"https:\/\/hierbasdemexico.com.mx\/tienda\/wp-content\/uploads\/2020\/07\/Instrucciones-de-uso-01-300x119.png\" alt=\"\" width=\"300\" height=\"119\" srcset=\"https:\/\/hierbasdemexico.com.mx\/tienda\/wp-content\/uploads\/2020\/07\/Instrucciones-de-uso-01-300x119.png 300w, https:\/\/hierbasdemexico.com.mx\/tienda\/wp-content\/uploads\/2020\/07\/Instrucciones-de-uso-01-350x139.png 350w, https:\/\/hierbasdemexico.com.mx\/tienda\/wp-content\/uploads\/2020\/07\/Instrucciones-de-uso-01.png 640w\" sizes=\"auto, (max-width: 300px) 100vw, 300px\" \/><\/p>\n","protected":false},"featured_media":121,"comment_status":"open","ping_status":"closed","template":"","meta":{"pagelayer_contact_templates":[],"_pagelayer_content":""},"product_brand":[],"product_cat":[322,323,468,473,471,353,358,361,462,375,17,411,466,436,450,455,312],"product_tag":[],"class_list":{"0":"post-120","1":"product","2":"type-product","3":"status-publish","4":"has-post-thumbnail","6":"product_cat-anemia","7":"product_cat-ansiedad","8":"product_cat-bien-dormir","9":"product_cat-cuidado-de-la-piel","10":"product_cat-digestion-efecto","11":"product_cat-digestion","12":"product_cat-dolor-de-cabeza","13":"product_cat-dolor-de-garganta","14":"product_cat-efecto","15":"product_cat-estres","16":"product_cat-hierbas","17":"product_cat-migranas","18":"product_cat-relax","19":"product_cat-salud-de-la-piel","20":"product_cat-suenos","21":"product_cat-tos","22":"product_cat-uso-comun","24":"first","25":"instock","26":"shipping-taxable","27":"purchasable","28":"product-type-variable"},"_links":{"self":[{"href":"https:\/\/hierbasdemexico.com.mx\/tienda\/wp-json\/wp\/v2\/product\/120","targetHints":{"allow":["GET"]}}],"collection":[{"href":"https:\/\/hierbasdemexico.com.mx\/tienda\/wp-json\/wp\/v2\/product"}],"about":[{"href":"https:\/\/hierbasdemexico.com.mx\/tienda\/wp-json\/wp\/v2\/types\/product"}],"replies":[{"embeddable":true,"href":"https:\/\/hierbasdemexico.com.mx\/tienda\/wp-json\/wp\/v2\/comments?post=120"}],"wp:featuredmedia":[{"embeddable":true,"href":"https:\/\/hierbasdemexico.com.mx\/tienda\/wp-json\/wp\/v2\/media\/121"}],"wp:attachment":[{"href":"https:\/\/hierbasdemexico.com.mx\/tienda\/wp-json\/wp\/v2\/media?parent=120"}],"wp:term":[{"taxonomy":"product_brand","embeddable":true,"href":"https:\/\/hierbasdemexico.com.mx\/tienda\/wp-json\/wp\/v2\/product_brand?post=120"},{"taxonomy":"product_cat","embeddable":true,"href":"https:\/\/hierbasdemexico.com.mx\/tienda\/wp-json\/wp\/v2\/product_cat?post=120"},{"taxonomy":"product_tag","embeddable":true,"href":"https:\/\/hierbasdemexico.com.mx\/tienda\/wp-json\/wp\/v2\/product_tag?post=120"}],"curies":[{"name":"wp","href":"https:\/\/api.w.org\/{rel}","templated":true}]}}