{"id":128,"date":"2020-07-22T14:33:38","date_gmt":"2020-07-22T14:33:38","guid":{"rendered":"https:\/\/hierbasdemexico.com.mx\/?post_type=product&#038;p=128"},"modified":"2022-02-09T17:06:32","modified_gmt":"2022-02-09T17:06:32","slug":"menta-blanca","status":"publish","type":"product","link":"https:\/\/hierbasdemexico.com.mx\/tienda\/producto\/menta-blanca\/","title":{"rendered":"Menta Blanca \u2022\u00a0\ud835\ude14\ud835\ude26\ud835\ude2f\ud835\ude35\ud835\ude29\ud835\ude22 \ud835\ude31\ud835\ude2a\ud835\ude31\ud835\ude26\ud835\ude33\ud835\ude2a\ud835\ude35\ud835\ude22"},"content":{"rendered":"","protected":false},"excerpt":{"rendered":"<p>Antis\u00e9ptica, antipruriginosa. Cicatrizante y descongestionante. Aumenta el apetito, calma la indigesti\u00f3n, distensi\u00f3n abdominal y flatulencias. Combate el mal aliento.<\/p>\n<p>Modo de preparaci\u00f3n:<\/p>\n<p><img loading=\"lazy\" decoding=\"async\" class=\"alignnone size-medium wp-image-234\" src=\"https:\/\/hierbasdemexico.com.mx\/tienda\/wp-content\/uploads\/2020\/07\/Instrucciones-de-uso-01-300x119.png\" alt=\"\" width=\"300\" height=\"119\" srcset=\"https:\/\/hierbasdemexico.com.mx\/tienda\/wp-content\/uploads\/2020\/07\/Instrucciones-de-uso-01-300x119.png 300w, https:\/\/hierbasdemexico.com.mx\/tienda\/wp-content\/uploads\/2020\/07\/Instrucciones-de-uso-01-350x139.png 350w, https:\/\/hierbasdemexico.com.mx\/tienda\/wp-content\/uploads\/2020\/07\/Instrucciones-de-uso-01.png 640w\" sizes=\"auto, (max-width: 300px) 100vw, 300px\" \/><\/p>\n","protected":false},"featured_media":130,"comment_status":"open","ping_status":"closed","template":"","meta":{"pagelayer_contact_templates":[],"_pagelayer_content":""},"product_brand":[],"product_cat":[340,343,346,471,353,357,358,360,361,363,462,371,386,17,391,402,411,413,424,457,458,312],"product_tag":[],"class_list":{"0":"post-128","1":"product","2":"type-product","3":"status-publish","4":"has-post-thumbnail","6":"product_cat-colico","7":"product_cat-congestion-nasal","8":"product_cat-deficiencias-respiratorias","9":"product_cat-digestion-efecto","10":"product_cat-digestion","11":"product_cat-dolor","12":"product_cat-dolor-de-cabeza","13":"product_cat-dolor-de-estomago","14":"product_cat-dolor-de-garganta","15":"product_cat-dolor-muscular","16":"product_cat-efecto","17":"product_cat-esguinces","18":"product_cat-herpes-labial","19":"product_cat-hierbas","20":"product_cat-indigestion","21":"product_cat-limpieza-de-colon","22":"product_cat-migranas","23":"product_cat-nausea","24":"product_cat-problemas-digestivos","25":"product_cat-ulceras","26":"product_cat-ulceras-estomacales","27":"product_cat-uso-comun","29":"first","30":"instock","31":"shipping-taxable","32":"purchasable","33":"product-type-variable"},"_links":{"self":[{"href":"https:\/\/hierbasdemexico.com.mx\/tienda\/wp-json\/wp\/v2\/product\/128","targetHints":{"allow":["GET"]}}],"collection":[{"href":"https:\/\/hierbasdemexico.com.mx\/tienda\/wp-json\/wp\/v2\/product"}],"about":[{"href":"https:\/\/hierbasdemexico.com.mx\/tienda\/wp-json\/wp\/v2\/types\/product"}],"replies":[{"embeddable":true,"href":"https:\/\/hierbasdemexico.com.mx\/tienda\/wp-json\/wp\/v2\/comments?post=128"}],"wp:featuredmedia":[{"embeddable":true,"href":"https:\/\/hierbasdemexico.com.mx\/tienda\/wp-json\/wp\/v2\/media\/130"}],"wp:attachment":[{"href":"https:\/\/hierbasdemexico.com.mx\/tienda\/wp-json\/wp\/v2\/media?parent=128"}],"wp:term":[{"taxonomy":"product_brand","embeddable":true,"href":"https:\/\/hierbasdemexico.com.mx\/tienda\/wp-json\/wp\/v2\/product_brand?post=128"},{"taxonomy":"product_cat","embeddable":true,"href":"https:\/\/hierbasdemexico.com.mx\/tienda\/wp-json\/wp\/v2\/product_cat?post=128"},{"taxonomy":"product_tag","embeddable":true,"href":"https:\/\/hierbasdemexico.com.mx\/tienda\/wp-json\/wp\/v2\/product_tag?post=128"}],"curies":[{"name":"wp","href":"https:\/\/api.w.org\/{rel}","templated":true}]}}