{"id":131,"date":"2020-07-22T14:54:30","date_gmt":"2020-07-22T14:54:30","guid":{"rendered":"https:\/\/hierbasdemexico.com.mx\/?post_type=product&#038;p=131"},"modified":"2022-12-11T01:42:55","modified_gmt":"2022-12-11T01:42:55","slug":"tila","status":"publish","type":"product","link":"https:\/\/hierbasdemexico.com.mx\/tienda\/producto\/tila\/","title":{"rendered":"Flor de tila \u2022\u00a0\ud835\ude1b\ud835\ude2a\ud835\ude2d\ud835\ude2a\ud835\ude22 \ud835\ude31\ud835\ude2d\ud835\ude22\ud835\ude35\ud835\ude3a\ud835\ude31\ud835\ude29\ud835\ude3a\ud835\ude2d\ud835\ude2d\ud835\ude30\ud835\ude34"},"content":{"rendered":"","protected":false},"excerpt":{"rendered":"<p class=\"p1\"><b>Presentaci\u00f3n: ENTERO<\/b><\/p>\n<p>Antiespasm\u00f3dica, efecto diur\u00e9tico, alivio en dolor de cabeza, relajante a nivel del sistema nervioso (estr\u00e9s, ansiedad, intranquilidad, nerviosismo) y ayuda a conciliar el sue\u00f1o.<\/p>\n<p>Modo de preparaci\u00f3n:<\/p>\n<p><img loading=\"lazy\" decoding=\"async\" class=\"alignnone size-medium wp-image-234\" src=\"https:\/\/hierbasdemexico.com.mx\/tienda\/wp-content\/uploads\/2020\/07\/Instrucciones-de-uso-01-300x119.png\" alt=\"\" width=\"300\" height=\"119\" srcset=\"https:\/\/hierbasdemexico.com.mx\/tienda\/wp-content\/uploads\/2020\/07\/Instrucciones-de-uso-01-300x119.png 300w, https:\/\/hierbasdemexico.com.mx\/tienda\/wp-content\/uploads\/2020\/07\/Instrucciones-de-uso-01-350x139.png 350w, https:\/\/hierbasdemexico.com.mx\/tienda\/wp-content\/uploads\/2020\/07\/Instrucciones-de-uso-01.png 640w\" sizes=\"auto, (max-width: 300px) 100vw, 300px\" \/><\/p>\n","protected":false},"featured_media":132,"comment_status":"open","ping_status":"closed","template":"","meta":{"pagelayer_contact_templates":[],"_pagelayer_content":""},"product_brand":[],"product_cat":[468,332,340,341,467,353,357,358,363,462,375,17,397,399,411,421,431,466,433,435,448,312],"product_tag":[],"class_list":{"0":"post-131","1":"product","2":"type-product","3":"status-publish","4":"has-post-thumbnail","6":"product_cat-bien-dormir","7":"product_cat-calculos-renales","8":"product_cat-colico","9":"product_cat-colicos-menstruales","10":"product_cat-detox","11":"product_cat-digestion","12":"product_cat-dolor","13":"product_cat-dolor-de-cabeza","14":"product_cat-dolor-muscular","15":"product_cat-efecto","16":"product_cat-estres","17":"product_cat-hierbas","18":"product_cat-inflamacion","19":"product_cat-insomnio","20":"product_cat-migranas","21":"product_cat-presion-alta","22":"product_cat-relajacion","23":"product_cat-relax","24":"product_cat-resfriado-y-gripe","25":"product_cat-salud-cardiovascular","26":"product_cat-sistema-nervioso","27":"product_cat-uso-comun","29":"first","30":"instock","31":"shipping-taxable","32":"purchasable","33":"product-type-variable"},"_links":{"self":[{"href":"https:\/\/hierbasdemexico.com.mx\/tienda\/wp-json\/wp\/v2\/product\/131","targetHints":{"allow":["GET"]}}],"collection":[{"href":"https:\/\/hierbasdemexico.com.mx\/tienda\/wp-json\/wp\/v2\/product"}],"about":[{"href":"https:\/\/hierbasdemexico.com.mx\/tienda\/wp-json\/wp\/v2\/types\/product"}],"replies":[{"embeddable":true,"href":"https:\/\/hierbasdemexico.com.mx\/tienda\/wp-json\/wp\/v2\/comments?post=131"}],"wp:featuredmedia":[{"embeddable":true,"href":"https:\/\/hierbasdemexico.com.mx\/tienda\/wp-json\/wp\/v2\/media\/132"}],"wp:attachment":[{"href":"https:\/\/hierbasdemexico.com.mx\/tienda\/wp-json\/wp\/v2\/media?parent=131"}],"wp:term":[{"taxonomy":"product_brand","embeddable":true,"href":"https:\/\/hierbasdemexico.com.mx\/tienda\/wp-json\/wp\/v2\/product_brand?post=131"},{"taxonomy":"product_cat","embeddable":true,"href":"https:\/\/hierbasdemexico.com.mx\/tienda\/wp-json\/wp\/v2\/product_cat?post=131"},{"taxonomy":"product_tag","embeddable":true,"href":"https:\/\/hierbasdemexico.com.mx\/tienda\/wp-json\/wp\/v2\/product_tag?post=131"}],"curies":[{"name":"wp","href":"https:\/\/api.w.org\/{rel}","templated":true}]}}