{"id":134,"date":"2020-07-22T14:57:34","date_gmt":"2020-07-22T14:57:34","guid":{"rendered":"https:\/\/hierbasdemexico.com.mx\/?post_type=product&#038;p=134"},"modified":"2022-12-11T01:41:13","modified_gmt":"2022-12-11T01:41:13","slug":"te-limon","status":"publish","type":"product","link":"https:\/\/hierbasdemexico.com.mx\/tienda\/producto\/te-limon\/","title":{"rendered":"T\u00e9 Lim\u00f3n \u2022\u00a0\ud835\ude0a\ud835\ude3a\ud835\ude2e\ud835\ude23\ud835\ude30\ud835\ude31\ud835\ude30\ud835\ude28\ud835\ude30\ud835\ude2f \ud835\ude24\ud835\ude2a\ud835\ude35\ud835\ude33\ud835\ude22\ud835\ude35\ud835\ude36\ud835\ude34"},"content":{"rendered":"","protected":false},"excerpt":{"rendered":"<p class=\"p1\"><b>Presentaci\u00f3n: TRITURADO<\/b><\/p>\n<p>Modo de preparaci\u00f3n:<\/p>\n<p>Antioxidante, anti-inflamatorio, sedante, vasodilatador, estimula el metabolismo, acelera la depuraci\u00f3n de toxinas, facilita la digesti\u00f3n, previene el estre\u00f1imiento.<\/p>\n<p>Modo de preparaci\u00f3n:<\/p>\n<p><img loading=\"lazy\" decoding=\"async\" class=\"alignnone size-medium wp-image-234\" src=\"https:\/\/hierbasdemexico.com.mx\/tienda\/wp-content\/uploads\/2020\/07\/Instrucciones-de-uso-01-300x119.png\" alt=\"\" width=\"300\" height=\"119\" srcset=\"https:\/\/hierbasdemexico.com.mx\/tienda\/wp-content\/uploads\/2020\/07\/Instrucciones-de-uso-01-300x119.png 300w, https:\/\/hierbasdemexico.com.mx\/tienda\/wp-content\/uploads\/2020\/07\/Instrucciones-de-uso-01-350x139.png 350w, https:\/\/hierbasdemexico.com.mx\/tienda\/wp-content\/uploads\/2020\/07\/Instrucciones-de-uso-01.png 640w\" sizes=\"auto, (max-width: 300px) 100vw, 300px\" \/><\/p>\n","protected":false},"featured_media":135,"comment_status":"open","ping_status":"closed","template":"","meta":{"pagelayer_contact_templates":[],"_pagelayer_content":""},"product_brand":[],"product_cat":[324,325,337,339,349,467,353,471,357,358,363,462,368,17,397,421,431,466,433,438,455,312],"product_tag":[],"class_list":{"0":"post-134","1":"product","2":"type-product","3":"status-publish","4":"has-post-thumbnail","6":"product_cat-anti-envejecimiento","7":"product_cat-antioxidante","8":"product_cat-circulacion","9":"product_cat-colesterol-alto","10":"product_cat-desintoxicacion","11":"product_cat-detox","12":"product_cat-digestion","13":"product_cat-digestion-efecto","14":"product_cat-dolor","15":"product_cat-dolor-de-cabeza","16":"product_cat-dolor-muscular","17":"product_cat-efecto","18":"product_cat-envejecimiento-prematuro","19":"product_cat-hierbas","20":"product_cat-inflamacion","21":"product_cat-presion-alta","22":"product_cat-relajacion","23":"product_cat-relax","24":"product_cat-resfriado-y-gripe","25":"product_cat-salud-del-corazon","26":"product_cat-tos","27":"product_cat-uso-comun","29":"first","30":"instock","31":"shipping-taxable","32":"purchasable","33":"product-type-variable"},"_links":{"self":[{"href":"https:\/\/hierbasdemexico.com.mx\/tienda\/wp-json\/wp\/v2\/product\/134","targetHints":{"allow":["GET"]}}],"collection":[{"href":"https:\/\/hierbasdemexico.com.mx\/tienda\/wp-json\/wp\/v2\/product"}],"about":[{"href":"https:\/\/hierbasdemexico.com.mx\/tienda\/wp-json\/wp\/v2\/types\/product"}],"replies":[{"embeddable":true,"href":"https:\/\/hierbasdemexico.com.mx\/tienda\/wp-json\/wp\/v2\/comments?post=134"}],"wp:featuredmedia":[{"embeddable":true,"href":"https:\/\/hierbasdemexico.com.mx\/tienda\/wp-json\/wp\/v2\/media\/135"}],"wp:attachment":[{"href":"https:\/\/hierbasdemexico.com.mx\/tienda\/wp-json\/wp\/v2\/media?parent=134"}],"wp:term":[{"taxonomy":"product_brand","embeddable":true,"href":"https:\/\/hierbasdemexico.com.mx\/tienda\/wp-json\/wp\/v2\/product_brand?post=134"},{"taxonomy":"product_cat","embeddable":true,"href":"https:\/\/hierbasdemexico.com.mx\/tienda\/wp-json\/wp\/v2\/product_cat?post=134"},{"taxonomy":"product_tag","embeddable":true,"href":"https:\/\/hierbasdemexico.com.mx\/tienda\/wp-json\/wp\/v2\/product_tag?post=134"}],"curies":[{"name":"wp","href":"https:\/\/api.w.org\/{rel}","templated":true}]}}